 = -u*r + 3*b - 6, 0 = -4*b. Is r a composite number?
False
Let t be ((-6)/(-7))/(4/14). Suppose 5*y - 229 = 2*m, -5*y + m + 3*m + 223 = 0. Suppose -t*i + y = -2*i. Is i composite?
False
Let z = -5 + 5. Suppose 4*b + 4*p - 1136 = 0, 2*p - 3*p - 3 = z. Is b a prime number?
False
Let z = -221 + 364. Is z prime?
False
Is 283/3 - (-22)/33 prime?
False
Let f be 1*1/2*-2. Let k = f - -5. Suppose -k*j = -2*j - 326. Is j a composite number?
False
Is 5*2/(50/10365) prime?
False
Let u(x) = -x**2 + 1. Let t(p) = p**3 + 15*p**2 + 11*p - 16. Let m(c) = t(c) + 3*u(c). Is m(-9) a composite number?
False
Let s = 347 + -190. Is s prime?
True
Suppose -p + 86 = 5*j, 3*j + 372 = 5*p - j. Suppose p = 5*v - v. Is v a composite number?
False
Let s(p) = -29*p + 1. Let h be s(-7). Let c = h - 117. Is c a prime number?
False
Suppose 0*v - 4 = -4*v. Is v*488 - (-2 + 5) a prime number?
False
Let s be 0 + 2/(-3)*-3. Let w be (-2)/(s + -4)*2. Let q = 65 + w. Is q composite?
False
Let c(v) = 2*v**2 - 3*v - 7. Let k(h) = h**2 + h + 1. Let m(p) = c(p) + 4*k(p). Suppose 3*f + 2 = -4*o + 3, -17 = -3*o + f. Is m(o) a composite number?
False
Let c be (1/(-2))/(12/288). Is (353/(-3))/(4/c) a prime number?
True
Let f = 1726 + -625. Is f prime?
False
Suppose 2*a + 3*a = 25. Suppose 0 = -a*i + v - 352, -5*i = -4*v + 183 + 160. Let p = -18 - i. Is p a prime number?
True
Suppose 2*z + 75 = -3*z. Is z/(-6)*(72 - -2) prime?
False
Suppose -4*z - 5*v = -14206, 17*z - 17774 = 12*z + 2*v. Is z prime?
False
Let u be 8/(459/453 - 1). Let z = -218 + u. Suppose -5*l + z = -b, -2*b + 157 = 2*l - 5*b. Is l prime?
False
Let i(v) = 8*v - 1. Let w = -3 - -5. Is i(w) composite?
True
Let j = 4 - 6. Is -1 - (-90 - (2 + j)) composite?
False
Suppose 0 = 5*x - 2*h - 474, -2*x + 186 = -2*h - 0*h. Let g = x + -29. Is g prime?
True
Let o(z) = 42*z - 6. Let b be o(7). Let i(w) = w**2 - w + 5. Let p be i(0). Suppose 0 = -p*g + b + 37. Is g prime?
False
Let w = 617 + -439. Is w composite?
True
Is 3 - (9/(-3) + -121) prime?
True
Let x = -4 - 2. Is (-308)/(-6)*(-9)/x a composite number?
True
Suppose 5*m = 4 + 1. Suppose -3 = 4*n + 1. Is (55 - 0) + m + n prime?
False
Let y(w) = w**3 + 12*w**2 + 13*w + 9. Is y(-10) prime?
True
Let f = -47 - -162. Is f a prime number?
False
Suppose 5*z + 271 + 242 = 3*v, v + 2*z = 160. Is v composite?
True
Let d be (-4)/8*(-1 + 1). Let j be 3 + d/(-2) + 0. Suppose 15 = -j*m + 60. Is m a prime number?
False
Suppose 0*r - 5*r + 18 = 4*a, 3*a = -4*r + 14. Let j be a/6 - 22/(-6). Suppose 0*o - j*k - 328 = -4*o, o - 5*k = 94. Is o a prime number?
True
Let a(u) = 8*u**2 - 5*u - 3. Is a(-4) a composite number?
True
Is (-1977)/(-2)*(-8)/(-12) a prime number?
True
Let n(j) = 3*j**3 + 7*j**2 - 6*j. Let d(t) = t**3 + t**2. Let k(f) = 2*d(f) - n(f). Let y be k(-6). Is y - 3 - (-86 - 2) a prime number?
False
Let t(q) = -q**3 - 13*q**2 - 11*q - 5. Let g be t(-8). Let a = g - -530. Is a a composite number?
False
Suppose -6 = -2*i, 2*b - 2156 + 231 = 3*i. Is b composite?
False
Let j be (-2)/3 + (-88)/3. Is ((-348)/j)/((-1)/(-5)) a prime number?
False
Suppose -5*y - 6 = 4*r + 14, -5*r + y + 4 = 0. Let i(l) = -2 - 5 - 4*l + r. Is i(-7) a composite number?
True
Suppose -12 - 18 = -6*w. Suppose -4*m + w*o = -517, 3 = 3*o - 6. Is m composite?
True
Is -1*5779*(0 + 7 + -8) a prime number?
True
Let h(t) = 12*t**3 - 3. Let j be h(2). Suppose -o = -5, 5*o + j = z - 867. Is z a prime number?
False
Let v(r) = -r**3 - 14*r**2 - r - 11. Let k be v(-14). Suppose x - 1866 = -k*x - 2*g, 3*x - 3*g - 1422 = 0. Is x composite?
True
Suppose -3*m + 31 = 4*c, -3*c = 2*m - 7*m + 71. Is m a prime number?
True
Let w = 2 + -2. Let u(l) = l. Let h be u(w). Suppose -v + 44 + 23 = h. Is v a composite number?
False
Let z = -2 + 0. Let v be (z/(-6))/((-5)/(-30)). Suppose -v = h - 17. Is h a prime number?
False
Let x(u) = u**2 + 0 + 1 - u - 4*u**2 - 3*u**3. Suppose -2*n + 4*n = -4. Is x(n) a prime number?
False
Suppose -h - 2*h = -201. Is h a composite number?
False
Is 10/(-25) + 637/5 prime?
True
Let k be (-6)/(-2) - (2 - 1). Suppose k*c + 59 = 3*c. Is c a composite number?
False
Let z be 14/(-4)*(-2 - -22). Let f be (12/(-14))/(2/z). Suppose 0*o = -2*o + f. Is o composite?
True
Suppose -109 + 34 = -5*l. Is l a prime number?
False
Suppose 2*w - 3*l - 2889 + 941 = 0, 0 = -2*l + 4. Is w a prime number?
True
Let v = 23 - -34. Is v a composite number?
True
Let k(s) = 26*s**3 + 3*s**2 - s - 2. Let w be k(2). Let y = w + -137. Is y a composite number?
False
Suppose 0*p = -4*p - 12. Let l be ((-15)/10)/(p/8). Suppose -3*m + 30 = 2*n + n, -2*m = -l*n + 58. Is n a prime number?
True
Suppose 0 = 7*y - 5*y - 22. Suppose -124 = -3*l + 68. Let a = l - y. Is a prime?
True
Let l = 615 + -280. Is l a composite number?
True
Is -2 - -4 - 409*-1 prime?
False
Suppose 114 = 2*h + h. Suppose -g + 93 = -h. Is g a composite number?
False
Suppose 0 = -4*l - 5*w + 311, 0 - 1 = w. Is l a composite number?
False
Suppose -o + 9 = 2*o. Suppose -o*w = 2*w - 680. Suppose -l = 3*l - w. Is l composite?
True
Suppose -5147 = -2*t - 1357. Is t a prime number?
False
Suppose 6*s - 2*s - 4*w - 152 = 0, 0 = -4*w - 12. Is s a prime number?
False
Let r = -3 - 9. Let k be r/(2/44*-4). Suppose d - p - k = 0, -3*p = -d + 80 - 12. Is d a prime number?
False
Suppose 7*f = 8*f - 3. Suppose 0 = -2*p - f*r - 9, p + 3*r = -4*p. Is p a prime number?
True
Let g = 2155 + -1532. Is g composite?
True
Let k(i) = -8*i**3 + 5*i**2 - 5. Is k(-4) composite?
False
Suppose -4*s + 5*d + 29 = -s, 0 = 4*s + 4*d + 4. Suppose -12 = 4*f - 4*l, -s*l + 5*l - 18 = -4*f. Suppose 0*i = f*i - 382. Is i prime?
True
Is (-5336)/(-48) - (-1)/(-6) prime?
False
Suppose 165 + 1090 = 5*s. Is s a composite number?
False
Let d = 1382 + -831. Is d prime?
False
Suppose w - 4*v = -4, 2*v = -6*w + 3*w + 2. Suppose w = -2*d + 238 + 24. Is d prime?
True
Let b(i) = -8*i - 1. Is b(-2) a prime number?
False
Let c = -7 + 14. Let n = c - 4. Suppose n*l - 2 - 10 = 0. Is l a prime number?
False
Let d(u) = -u**2 - 3*u + 4. Let y be d(-3). Suppose 5*z - 47 = -3*p, -3*p = -4*p + y*z + 27. Is p composite?
False
Suppose -1104 = -3*z + 141. Is z composite?
True
Suppose h = -4*h + 15. Is 11 + 2/h*-3 a composite number?
True
Let z(b) = 5*b**2 + 61. Let f(u) = u**2 + 1. Let h(q) = -6*f(q) + z(q). Let v(t) = t**2 + 2*t. Let w be v(-2). Is h(w) a prime number?
False
Suppose -3*t = 4*f - 2413, f - 1610 = -2*t - f. Is t composite?
True
Let k be (-2)/5 - 56/35. Let m be 12/k*(-1)/3. Suppose -m*h + 73 = 3*u, 0 = -2*h + 3*u + u + 66. Is h prime?
False
Let q(p) = -3*p - 7. Let v be q(-5). Suppose v*s - 3*s = 275. Is s composite?
True
Is (1371/(-12))/((-1)/8) prime?
False
Suppose 4*m + 3 = r - 2*r, -3*r + 2*m + 5 = 0. Suppose -r = 4*w - 13. Suppose -3*v = y - 38, -2*y = w*v + y - 30. Is v composite?
True
Let o be 3/(2/4*-3). Let n be (-2)/(-4) + 1/2. Is 50 + (n - 0) + o prime?
False
Let l(w) be the third derivative of -w**4/24 - w**3/3 + w**2. Suppose 4*i = -10 - 10. Is l(i) prime?
True
Let d be -2 + 10 + (-1)/1. Is 28*(d + -3) + 3 composite?
True
Let u(k) = -k**2 + 7*k - 6. Let z be u(6). Let o(i) = i**2 + 37. Is o(z) prime?
True
Suppose 4*r + 2*r - 1758 = 0. Is r prime?
True
Suppose -347 = -3*z + 883. Let c = z - 195. Is c a prime number?
False
Let g = 3427 + -965. Is g a prime number?
False
Let i(r) = -3*r**3 - 4*r**2 + 2*r + 4. Is i(-3) a prime number?
True
Let s be (-9)/(-12)*55*4. Suppose -5*q - 4*i = -3*i - s, 5*i + 165 = 5*q. Is q prime?
False
Let c(z) = 557*z**2 - z + 1. Let d be 1*-2*(-8)/16. Is c(d) composite?
False
Suppose 3*z + 9 = -0*z. Is 14 + (3 - 3) + z a composite number?
False
Let y = -1339 - -2038. Is y prime?
False
Let z = 1 - -1. Suppose z*l = l + 33. Is l a prime number?
False
Let y = 579 + -58. Is y a composite number?
False
Let w = -4602 + 6731. Is w composite?
False
Let h = -62 + 38. Let w = h + 59. Is w composite?
True
Let j = 899 + -582. Is j prime?
True
Let l = 47 + 20. Is l a composite number?
False
Suppose 5*o + 43 + 32 = 0. Let z = o + 24. Is z prime?
False
Let a be (-2895)/6*2/(-1). Suppose -4*r + 176 = 4*p - 608, -a = -5*r - 2*p. Is r a prime number?
True
Let f(s) = 6*s**2 - 4*s + 31. Is f(14) composite?
False
Let n be 2 + 2/(4/(-10)). Let u = n - -8. Suppose u*i = 403 + 232. Is i a prime number?
True
Let y